n millions digit of 257003018?
5
What is the hundred millions digit of 219218506?
2
What is the thousands digit of 30799331?
9
What is the units digit of 1068120297?
7
What is the hundred millions digit of 690668877?
6
What is the ten thousands digit of 154273933?
7
What is the ten millions digit of 213296366?
1
What is the millions digit of 47118609?
7
What is the hundred millions digit of 5637438975?
6
What is the units digit of 307450411?
1
What is the hundred thousands digit of 144928060?
9
What is the ten millions digit of 1264907303?
6
What is the units digit of 469911622?
2
What is the hundred thousands digit of 24032281?
0
What is the ten thousands digit of 126334450?
3
What is the thousands digit of 1559603067?
3
What is the hundreds digit of 65496583?
5
What is the thousands digit of 62560691?
0
What is the hundred thousands digit of 19206118?
2
What is the tens digit of 9932784?
8
What is the millions digit of 53675319?
3
What is the hundred millions digit of 1720221959?
7
What is the ten thousands digit of 958504711?
0
What is the ten thousands digit of 2130377217?
7
What is the units digit of 968906369?
9
What is the ten millions digit of 1177260820?
7
What is the hundred thousands digit of 19238666?
2
What is the thousands digit of 40475889?
5
What is the ten millions digit of 22740532?
2
What is the thousands digit of 179828814?
8
What is the hundred thousands digit of 523862488?
8
What is the ten thousands digit of 161651256?
5
What is the millions digit of 52229728?
2
What is the hundred millions digit of 130180830?
1
What is the millions digit of 473268839?
3
What is the millions digit of 152535523?
2
What is the units digit of 295116839?
9
What is the ten millions digit of 14206976?
1
What is the units digit of 1668520332?
2
What is the units digit of 1434759537?
7
What is the thousands digit of 3933975?
3
What is the ten thousands digit of 1128311198?
1
What is the tens digit of 13648624?
2
What is the hundred thousands digit of 29455163?
4
What is the ten millions digit of 165908465?
6
What is the thousands digit of 248294574?
4
What is the units digit of 1440606215?
5
What is the hundred thousands digit of 295341466?
3
What is the thousands digit of 392082885?
2
What is the hundreds digit of 197527775?
7
What is the hundred thousands digit of 6556926?
5
What is the ten thousands digit of 535872759?
7
What is the ten thousands digit of 6303803909?
0
What is the ten thousands digit of 1425576990?
7
What is the hundred millions digit of 1919638468?
9
What is the tens digit of 216886430?
3
What is the hundred millions digit of 2177671931?
1
What is the ten millions digit of 75565853?
7
What is the billions digit of 1460199066?
1
What is the hundreds digit of 491583148?
1
What is the millions digit of 22954858?
2
What is the tens digit of 14521470?
7
What is the billions digit of 1695792247?
1
What is the hundreds digit of 75042504?
5
What is the hundred thousands digit of 1814713570?
7
What is the hundred thousands digit of 169417648?
4
What is the millions digit of 209404738?
9
What is the hundred thousands digit of 29505203?
5
What is the tens digit of 472752782?
8
What is the hundred millions digit of 1447142246?
4
What is the tens digit of 568759726?
2
What is the thousands digit of 8037666690?
6
What is the tens digit of 100143204?
0
What is the tens digit of 20895737?
3
What is the thousands digit of 23275685?
5
What is the millions digit of 29905797?
9
What is the thousands digit of 834252078?
2
What is the hundred thousands digit of 1427505951?
5
What is the ten millions digit of 5308461361?
0
What is the hundred millions digit of 3831017161?
8
What is the hundred thousands digit of 28677525?
6
What is the units digit of 161543379?
9
What is the units digit of 34857212?
2
What is the hundred thousands digit of 41386090?
3
What is the ten millions digit of 281897872?
8
What is the billions digit of 1258438680?
1
What is the hundreds digit of 942899610?
6
What is the tens digit of 487735854?
5
What is the units digit of 96458254?
4
What is the ten millions digit of 37176706?
3
What is the millions digit of 1993227420?
3
What is the hundred thousands digit of 411125211?
1
What is the tens digit of 629343149?
4
What is the ten thousands digit of 2589910513?
1
What is the thousands digit of 471967723?
7
What is the thousands digit of 47223729?
3
What is the tens digit of 683588736?
3
What is the ten thousands digit of 603044393?
4
What is the millions digit of 2618756058?
8
What is the units digit of 1016840107?
7
What is the hundred thousands digit of 1557096080?
0
What is the millions digit of 84335149?
4
What is the thousands digit of 96316150?
6
What is the tens digit of 75269891?
9
What is the hundred thousands digit of 1255759154?
7
What is the thousands digit of 38829200?
9
What is the hundred thousands digit of 136962564?
9
What is the tens digit of 18303198?
9
What is the millions digit of 61410964?
1
What is the tens digit of 1579849371?
7
What is the hundred thousands digit of 9054726990?
7
What is the hundred thousands digit of 834962192?
9
What is the hundred thousands digit of 54124798?
1
What is the hundred thousands digit of 925588003?
5
What is the ten millions digit of 4014827125?
1
What is the millions digit of 92125659?
2
What is the hundred thousands digit of 96534653?
5
What is the ten millions digit of 649466230?
4
What is the units digit of 3791100660?
0
What is the hundreds digit of 41997260?
2
What is the hundred thousands digit of 56341087?
3
What is the hundreds digit of 37041988?
9
What is the ten millions digit of 848598454?
4
What is the hundred millions digit of 2265950119?
2
What is the hundred millions digit of 147779212?
1
What is the tens digit of 95226147?
4
What is the tens digit of 118934979?
7
What is the ten thousands digit of 122359071?
5
What is the ten millions digit of 4055955737?
5
What is the tens digit of 1995303581?
8
What is the hundred thousands digit of 127125856?
1
What is the thousands digit of 1612590155?
0
What is the hundred thousands digit of 7831776014?
7
What is the millions digit of 391872865?
1
What is the tens digit of 7997423705?
0
What is the units digit of 1536139811?
1
What is the hundred millions digit of 913359976?
9
What is the thousands digit of 3664572?
4
What is the ten millions digit of 78487387?
7
What is the thousands digit of 2924378870?
8
What is the hundred thousands digit of 128227085?
2
What is the millions digit of 61909829?
1
What is the tens digit of 73007158?
5
What is the tens digit of 947485378?
7
What is the ten millions digit of 24493372?
2
What is the hundred thousands digit of 1860915688?
9
What is the thousands digit of 240610254?
0
What is the millions digit of 50268617?
0
What is the ten thousands digit of 7809931070?
3
What is the millions digit of 144905153?
4
What is the tens digit of 244041620?
2
What is the thousands digit of 1263392274?
2
What is the hundreds digit of 37881495?
4
What is the ten thousands digit of 39663944?
6
What is the units digit of 100896128?
8
What is the thousands digit of 5395331092?
1
What is the tens digit of 38286599?
9
What is the hundred thousands digit of 2725064379?
0
What is the tens digit of 51544535?
3
What is the thousands digit of 160296556?
6
What is the units digit of 4658357?
7
What is the ten thousands digit of 98408655?
0
What is the thousands digit of 57688686?
8
What is the ten millions digit of 62120639?
6
What is the units digit of 5683255061?
1
What is the hundred thousands digit of 215762805?
7
What is the hundred thousands digit of 520245429?
2
What is the hundred thousands digit of 164607604?
6
What is the tens digit of 180891716?
1
What is the ten millions digit of 194421399?
9
What is the ten millions digit of 2477238450?
7
What is the thousands digit of 60568788?
8
What is the units digit of 826482702?
2
What is the billions digit of 1371899352?
1
What is the ten thousands digit of 65851781?
5
What is the thousands digit of 18210482?
0
What is the millions digit of 127916496?
7
What is the millions digit of 126258669?
6
What is the ten thousands digit of 627026094?
2
What is the hundred thousands digit of 108068693?
0
What is the hundreds digit of 13501945?
9
What is t